What is (365 - 378) + (-61 - -19)?
-55
Evaluate 0 + 128 + (96 + -49 - (4 - -22)).
149
What is the value of (5 - -22) + (-443 - -487)?
71
-61 + 72 + -60 - -24
-25
(45 + 42 - 79) + (-20 - (3 - 4)) + -9
-20
Calculate -2024 + 1884 - (-232 - -1).
91
Evaluate -14 - (-3 - 143 - (-245 - -258)).
145
1366 + -1347 - (1 + 46 - 3)
-25
What is the value of -65 - -50 - (11 + -6 + 4)?
-24
What is the value of 32 - 3 - (-1 + -12 + (4 - -14))?
24
(0 - -2 - 64 - (69 - 83)) + 18
-30
Calculate (22 - -71 - 143) + 135.
85
Calculate 21 - ((17 - 23) + 23 + (-11 + 3 - 0)).
12
Calculate -17 + (14 - 12) + -8 + 3 + 5.
-15
(0 - (-10 + 18 + -7)) + -184 + 98
-87
10 - ((0 + 0 + -45 - -5) + 8 + -3)
45
-24 + (9 - (-10 + 15)) + 5
-15
What is the value of -12 + 83 + 8 + -48?
31
What is the value of (35 - (67 + 7 + -45)) + -29 + 2 + -1?
-22
Calculate -206 + -191 + 424 + (-1 + 23 - 1).
48
(-2 - (-1 + 3)) + 54 + (35 + -12 - 59)
14
Evaluate -1 + -38 - (-3077 - -3027) - 157.
-146
What is 211 + -190 - (-8 - -6)?
23
What is -4 - (9 + (-65 + 12 - -4))?
36
What is the value of 24 + (0 - 1) - (-139 + (281 - 148))?
29
(-2 - 1 - -49) + -33 + (28 - 7)
34
Evaluate 29 - (22 - (-19 - (2 - 10))).
-4
What is -22 + (41 - (2 + 20 - 20))?
17
Calculate -4 + -20 - (26 - ((-71 - -30) + 126)).
35
Calculate 713 + -807 - (-50 - -1).
-45
What is (-8 - (-18 + (31 - -12))) + -1?
-34
What is the value of 48 + -43 + (11 - 46)?
-30
(3 - -28) + (-12 - -12) + 10
41
Calculate -1 - -22 - (9 - -11).
1
Calculate 14 - 1 - (1099 + -1171 + 29 + 1).
55
Calculate -13 + 6 + -5 - (3 + -24 + 24).
-15
Evaluate (589 - 686) + (0 - 1 - -4 - -8).
-86
What is 18413 - 18348 - (1 + 10 + -1)?
55
What is (1 - -4) + 26 - (327 - 352)?
56
What is (-149 - (-187 + 68)) + (2 - 22)?
-50
Evaluate -87 + -7 + (-35 - (-74 + 18)).
-73
(1 - -40) + (16 - 93 - 81)
-117
What is -167 + 100 + 78 + -82?
-71
Calculate -77 - (-57 + -26 + -4).
10
Evaluate 8 + (4 - (13 + (0 - 0))) - 42.
-43
What is the value of 14 + 0 + 14 + -4 + -15 + -118?
-109
What is the value of -54 + 1 + (5 + 1 - (-69 + 65)) - 0?
-43
What is the value of (0 - 13) + 74 + (17 - 30)?
48
Calculate -3 + (-13 - (-7 + -1)) + 5 + (39 - 27).
9
Calculate (-6 - (-88 - -60)) + 12.
34
What is the value of -22 - -57 - 22 - 15?
-2
Evaluate (-2 + -2 - -3 - 2) + (6 - (-5 + -4)).
12
(18 - 33) + (-4 - (-5 + 8)) + 65
43
What is (4 - -1) + 14 + -23 - (27 + -4 + -3)?
-24
(0 - -14) + (-12 + -2 - (18 - 119) - -7)
108
What is the value of 1 + (-52 - -33 - -49)?
31
What is 1 + -2 - (1611 - 1662)?
50
What is 3 - 27 - (43 - 55)?
-12
Calculate 1 - -21 - ((-10 - 56) + 50).
38
Calculate -64 + 0 - (-29 + -30 - (-38 - 9)).
-52
What is the value of -122 - (-397 - (89 - 240))?
124
30 - (-5 - ((17 - (-10 + 12 - -6)) + -6))
38
Evaluate (1 - (-41 + 0 + 2)) + -130 + 370 + -245.
35
Calculate -5 + 0 - (-2640 + 2635).
0
Evaluate (30 - -16) + -63 + (0 - -33).
16
Calculate (-22 - 139) + 74 + (30 - 0).
-57
What is the value of (-1 + 52 - (-1219 + 1185)) + 8?
93
What is the value of (-54 - -40) + 8 + 1 + (-23 - -4) + 7?
-17
8 - (39 - (-31 + 61)) - (36 + 4)
-41
Calculate -17 + (317 + -326 - (-6 - -4 - -57)).
-81
Evaluate (1 - (30 - 18) - 24) + 118.
83
Evaluate (-20 - (-4 - -8)) + (39 - 21) - (0 + 4).
-10
Calculate 12 - (10 - -6 - -8 - 24).
12
What is (-10 - -9 - -4) + (26 - 17) - -15?
27
Evaluate -10 + 6 + (-9 - -12) + 96 + -104.
-9
What is the value of 14 + (-5 - (-3 + 3)) + -33 + 148?
124
What is -18 + 42 + -32 - -6?
-2
(10 - 39) + (19 - (19 + 2))
-31
Evaluate 18 + (46 - (-38 - -63)).
39
(38 - 1) + 542 + -575 + -1 + 1 + 0
4
Evaluate 2 + (-43 - (-112 + 7)).
64
What is the value of 56 + 3 + -14 + (14 - (1 + 16))?
42
Calculate 3804 + -3752 - (1 + 68).
-17
Calculate (-134 - (155 - 228)) + 12 + (-3 - (-2 - -1)).
-51
9 - 7 - -118 - 140
-20
What is the value of 1 - -23 - (26253 + -26238)?
9
What is -2 + 2 + (5 - 4) - (-29 - -6)?
24
What is -18 - (-62 + 20) - (12 + -2) - 75?
-61
Evaluate (-7 - (-27 + 0)) + (-308 - -202) + -20.
-106
-99 + 18 + -21 - -33
-69
Calculate 27 + -103 + -1 + 98.
21
Evaluate (-4 - (7 - 7)) + (-16 - (18 + -32)).
-6
-3 - (-14 - -3) - (312 - 259)
-45
What is the value of -35 + (-20 - -73) + -95?
-77
-73 + 70 + (8 - -2) + 11
18
-108 + 31 + 67 + 34
24
Evaluate (-9 - 68) + 15 + (3 - -4).
-55
What is -4 + 38 - (81 + -78)?
31
What is 1 - (208 + -222 - (-34 + -1)) - 72?
-92
What is the value of 28 + 1 + (-35 + 83 - 66)?
11
(13 - -73) + -96 + 0 + -36
-46
-4 + (19 - -5) - ((-19 - 26) + -22)
87
(-138 - -147) + -12 + -1
-4
What is the value of (16 - 1 - (53 + -61 - -37)) + 66?
52
What is -19 - (0 - 11) - ((-16 - -7) + 0)?
1
Evaluate 17 - (-1 + 12 - (36 + -24 + 1)).
19
-2 - 17 - (35 - (-2 - 0 - -35))
-21
What is the value of -97 + 123 - (100 + (6 - -3))?
-83
What is the value of -29 + (229 - (97 - 7))?
110
Evaluate (14 - 42 - -117) + (-2 - 8) + -11.
68
105 + 30 + -61 + -55
19
-149 - (142 - (126 + 119))
-46
What is the value of 4 + (1 + -34 - (-165 - -103))?
33
Calculate -306 + 279 + (6 - -96).
75
What is the value of -73 + -36 + -62 + 119?
-52
Evaluate -48 - ((-19 - -8) + (-1 - -6) - (0 + -5)).
-47
What is the value of -2 + -48 + 21 + (12 - 39) - (-2 - -3)?
-57
What is -22 - ((-122 - -64) + 2 + 13)?
21
What is the value of -8 - ((-8 - (-18 + 12)) + -41) - 9?
26
Evaluate 13 + (-87 - (-51 + 14)).
-37
Evaluate 158 + -126 + (-22 - (27 - 16)).
-1
What is -69 - 12 - ((-1 - (-1 + 7)) + 6 + -3)?
-77
(3 - 37) + 24 - -69 - (1 + 12)
46
Calculate (3099 - 3089) + (1 - 39) - -56.
28
Evaluate 110 - (11 - (-8 + (-2 - (-5 - (18 - 8))))).
104
Evaluate 0 + (42 - (-24 + 37) - 14).
15
-1 + (-23 - (-11 + 14 + -31))
4
Calculate 16 + 10 + 60 + -55.
31
What is 3 + 14 + (-43 - -107) + 42 + (1 - 13)?
111
What is -7 + -10 + 21 + (1 + 14 - (-1 + -1))?
21
Evaluate 11 - (84 + (23 - 87)).
-9
Evaluate 78 + -68 + -5 + -26 + (-1 - 4).
-26
(-94 - -47) + -24 - -148
77
29 + (-16 - (-6 + (-49 - -4)))
64
-51 + -76 + 52 + 78
3
What is (-15 + 16 + -8 - 46) + 5 - 1?
-49
Evaluate -14 - (-25 + (-14 - (-16 + -5))) - (3 + -41).
42
What is the value of (-225 - (-123 - -6)) + 33 + 0?
-75
Evaluate -13991 + 14042 + (0 - ((3 - 2) + 10)).
40
Calculate (1 - ((-304 - -278) + (5 - 1))) + 105.
128
-10 + ((41 - -27) + 72 - (1 + -20))
149
Evaluate 31 - (-20 + (0 - -10) + (-6 - -8)).
39
15 + (-14 + 7 + -27 - -9) + 62
52
Calculate 151 - (-13 + 1 + -2 + 19) - (9 + -1).
138
Calculate 16 + -4 + 1 + (14 - 26 - -2) + 49.
52
Evaluate 3 + 2 + -2 - ((-15 - -46 - 14) + -18).
4
What is the value of 0 + -14 + -741 + 727 - (-14 - -1)?
-15
What is 21 - (-46 - -17 - 79)?
129
Evaluate 32 - (-86 - 100 - -125).
93
What is -118 + (-3 - -6) - (-22 + 6 + 40 - 32)?
-107
Calculate -66 + (-14 - -47) + (-8 - 23).
-64
What is 30 + (-35 - 21) + (-24 - -2)?
-48
Evaluate 9 + (-7 - -1 - ((27 + -13 - 45) + -18)).
52
Calculate -3 + 6 - -9 - (-494 - -480) - 11.
15
Calculate (1 - -29) + -27 + 41 - (-1 + -4).
49
What is the value of (0 - 12) + (45 - (-45 - (-13 - 10)))?
55
Calculate -22 - (-13 - (-15 - -83) - -16).
43
Evaluate (-28 + 72 - 42 - 1) + 87.
88
Calculate 92 + (-4 - -3) + (-51 - (18 - -20 - 80)).
82
What is -45 - ((-110 - -85) + 56)?
-76
Evaluate 58 + 29 + -87 + (20 - 2) + -10.
8
-667 + 647 + -4 + -76
-100
What is (277 + -287 - (-20 + 0)) + (34 - -4) + -3?
45
Evaluate 67 + 4 + 2 + 9 + 1 + (315 - 327).
71
What is (1 + 6 - (13 - 56)) + (-25 - -23)?
48
What is the value of -8 + -11 + 1 + 25 + -36?
-29
What is (19 - -40) + -74 + -72?
-87
(66 - 12 - -12) + (-24 - -6)
48
Calculate 625 - 703 - (-1 + -5 + 5 + 16).
-93
What is -11 + (0 - -22 - (-2 - -28))?
-15
What is the value of 36 - 45 - -36 - -59?
86
What is the value of 12 - (20 - 10) - (4 + 1 + -44 - -5)?
36
-31 + 97 + -44 - 6
16
What is the value of (-1 - 10) + 55 + (-39 - 13)?
-8
What is (37 - 21) + 64 + -54?
26
Calculate -178 + (117 - -88) - (0 - 28).
55
What is 56 - -13 - 27 - -26?
68
What is the value of 5 + -1 + (52 - (17 + (15 - 2)))?
26
Calculate (-4 - 74) + (0 - 10).
-88
Evaluate 0 + 0 + 13 - (-31 + -57 + 110).
-9
What is the value of -7 - ((0 - -2) + -1) - (-7 + -43)?
42
What is the value of -18 - ((23 - 105) + 23)?
41
What is the value of (-8 - -2) + (-1 - -5) - (-77 + (-5 - -2))?
78
What is (-17 - (9 + (1 + -64 - -16))) + 20?
41
What is the value of -78 - (115 - 197 - 62)?
66
Calculate 5 + (-149 - (-87 + 20)).
-77
What is -97 + 47 + -48 + 156?
58
